{"id":6,"date":"2023-06-17T17:36:19","date_gmt":"2023-06-17T17:36:19","guid":{"rendered":"http:\/\/hustlepoint.co.uk\/?page_id=6"},"modified":"2023-06-17T17:36:19","modified_gmt":"2023-06-17T17:36:19","slug":"cart","status":"publish","type":"page","link":"https:\/\/hustlepoint.co.uk\/?page_id=6","title":{"rendered":"Cart"},"content":{"rendered":"<div class=\"woocommerce\"><div class=\"text-center pt pb\">\n\t<div class=\"woocommerce-notices-wrapper\"><\/div>\n\t<div class=\"woocommerce-info message-wrapper\">\n\t\t<div class=\"message-container container medium-text-center\">\n\t\t\tKrep\u0161elis dar tu\u0161\u010dias.\t\t<\/div>\n\t<\/div>\n\t\t<p class=\"return-to-shop\">\n\t\t\t<a class=\"button primary wc-backward\" href=\"https:\/\/hustlepoint.co.uk\/?page_id=5\">\n\t\t\t\tGr\u012f\u017eti \u012f parduotuv\u0119\t\t\t<\/a>\n\t\t<\/p>\n\t<\/div>\n<\/div>\n","protected":false},"excerpt":{"rendered":"","protected":false},"author":1,"featured_media":0,"parent":0,"menu_order":0,"comment_status":"closed","ping_status":"closed","template":"","meta":[],"_links":{"self":[{"href":"https:\/\/hustlepoint.co.uk\/index.php?rest_route=\/wp\/v2\/pages\/6"}],"collection":[{"href":"https:\/\/hustlepoint.co.uk\/index.php?rest_route=\/wp\/v2\/pages"}],"about":[{"href":"https:\/\/hustlepoint.co.uk\/index.php?rest_route=\/wp\/v2\/types\/page"}],"author":[{"embeddable":true,"href":"https:\/\/hustlepoint.co.uk\/index.php?rest_route=\/wp\/v2\/users\/1"}],"replies":[{"embeddable":true,"href":"https:\/\/hustlepoint.co.uk\/index.php?rest_route=%2Fwp%2Fv2%2Fcomments&post=6"}],"version-history":[{"count":0,"href":"https:\/\/hustlepoint.co.uk\/index.php?rest_route=\/wp\/v2\/pages\/6\/revisions"}],"wp:attachment":[{"href":"https:\/\/hustlepoint.co.uk\/index.php?rest_route=%2Fwp%2Fv2%2Fmedia&parent=6"}],"curies":[{"name":"wp","href":"https:\/\/api.w.org\/{rel}","templated":true}]}}